 composite number?
True
Is (-64903)/(-6) + (12 - 73/6) a composite number?
True
Let q be ((-12)/(-9))/(4/18). Suppose -5*t - 1734 = -2*f, 3*t - 6 = q. Is f a prime number?
True
Suppose 157830 - 808515 = -15*n. Is n a composite number?
True
Let z(i) = -i**3 + 9*i**2 + i - 2. Let l be z(9). Suppose -3*q = -9, 2*r - l = r - q. Is -2 - r/(-4) - -522 a composite number?
False
Let z(i) = 6601*i**2 - 9*i + 6. Is z(1) prime?
False
Is 36/(-60) - ((-6366)/10 - -1) prime?
False
Let f(y) = 29*y + 2. Let l = 3 + 0. Suppose -s + 0*v = -l*v + 2, 13 = 4*s - 5*v. Is f(s) prime?
False
Let l(c) = 6*c**2 - 2*c + 1. Suppose -5*a = 5*y - 30, -3*y + 15 = 2*a - 2*y. Is l(a) composite?
True
Suppose -5*k + 1000 + 975 = 3*o, 0 = o. Suppose 15*v = 10*v + k. Is v a composite number?
False
Suppose 0 = -d + w + 18, -d + 5*w = 8*w - 6. Suppose d*t - 3441 - 4314 = 0. Is t composite?
True
Let x(m) = 3*m**2 + 5*m - 3. Let z(n) = -1 - 3 - 2*n**3 + 2 - 6*n**2 + 6*n + 3*n**3. Let w be z(5). Is x(w) composite?
True
Let u be 14/(-4)*(-48)/84. Let d be 570/75 - u/(-5). Is ((-8)/(-6))/(d/84) prime?
False
Let g(m) = -m**3 + 4*m**2 + 4*m + 13. Let a be g(5). Suppose -3*y - 3415 = -a*y. Is y prime?
True
Suppose 3*q - 3*l - 1977 = 0, 0 = 2*q + l - 681 - 646. Is q prime?
False
Suppose -3*k + 8807 = 5*y - 2*k, 2*k = 5*y - 8816. Let s = 2717 - y. Is s a composite number?
True
Let n = 2323 + -954. Is n prime?
False
Let n = -1102 + 2057. Is n a composite number?
True
Suppose 2*j + 2*u - 12064 - 2858 = 0, 2*j = 2*u + 14938. Is j composite?
True
Let a = 109527 + -52760. Is a a composite number?
False
Let j(m) = m**3 + 4*m**2 - 11*m - 26. Let y be j(13). Let s(q) = q + 9. Let d be s(-4). Suppose -y = -d*a + 1231. Is a a prime number?
True
Suppose -2*t + 6 + 34 = 0. Suppose -a = -5*a + t. Suppose -3*p - a*j = -1355, -2*j = 3*p - j - 1339. Is p prime?
False
Let u be ((-2)/(-3))/(4/6). Let d(n) = 60*n - u + 2 + 14*n + 0. Is d(2) composite?
False
Let s(c) = c - 4. Let y be s(8). Suppose y*v - 12 = 4. Suppose -v*n - 5*j = -44, -2*j + 0 = -2*n + 4. Is n prime?
False
Is 6004 + -4 - -7 - 0 a composite number?
False
Let h(v) = -5*v. Suppose -4*g = -6*g - 2*z + 14, 5*g - 4*z = 26. Suppose -g = a + 5. Is h(a) a prime number?
False
Let u(n) = -n**3 + 6*n**2 + 1. Let p be u(7). Let v be (-156)/p + 2/(-8). Is 4/((-6)/(-171)*v) prime?
False
Let z = -4 - -6. Suppose -5*w - z*c + 8 = c, -5*w + 4*c = -36. Suppose o + 171 = w*a, -2*o - 3*o = -3*a + 124. Is a a composite number?
False
Is (2/2)/(14*(-9)/(-746298)) a prime number?
True
Suppose 55*f + 178114 - 664479 = 0. Is f prime?
False
Let k be (-143)/39*(-34 - -1). Suppose -4*z - k = 179. Let i = z - -202. Is i a prime number?
True
Let y(q) = -q**3 + 16*q**2 + 18*q - 15. Let t be y(17). Suppose 3*h = -2*h + 2*k + 5275, -h = -t*k - 1055. Is h prime?
False
Let d = -790 - -2144. Let t = -965 + d. Is t a prime number?
True
Suppose 5*k + 654 = -3*l - 2003, -4*k + l - 2129 = 0. Let a = -297 - k. Is a prime?
False
Let i = -50 - -62. Suppose -2032 = -5*o + y, y - i = -3*y. Is o a prime number?
False
Suppose -4*k = -h - h - 1834, -3*k + 5*h + 1372 = 0. Let y = k - 265. Is y composite?
True
Let q(m) = -m**2 + 12*m. Let o = -26 - -38. Let l be q(o). Suppose l = 3*i - 22 - 53. Is i composite?
True
Let r = 15 - 13. Suppose 0 = 2*w + r*w - l - 393, -4*w - 3*l + 373 = 0. Is w a composite number?
False
Let h be (-2)/(-7) + (941864/49 - -4). Suppose 3394 = -3*o + 4*m + 32233, -2*o = 2*m - h. Is o a composite number?
False
Let z = -776 - -3670. Is z prime?
False
Let m(s) be the third derivative of s**5/30 + 5*s**4/24 - s**3 - s**2. Let z = 504 + -497. Is m(z) composite?
False
Let t(i) = 22*i**2 - 55*i - 20. Is t(-18) a composite number?
True
Let s(d) = -6 + 6 + 124*d - 5. Is s(1) a composite number?
True
Let u(f) = -f**3 + 7*f**2 + f. Let y be u(7). Let o(w) = 2*w - 4. Let c be o(y). Let k(z) = -z**3 + 12*z**2 - 13*z - 5. Is k(c) a composite number?
True
Suppose -d - 37 = -2*w - 4*d, 0 = -2*w + d + 25. Is w prime?
False
Let z = 54949 + -35148. Is z composite?
False
Let t(m) = 194*m + 281. Is t(19) composite?
False
Let i(d) = -d**3 + 4*d**2 + 13*d - 3. Let f be i(6). Suppose 2*m = -2*j + 4778, m + m = f*j - 7187. Is j prime?
True
Let g(r) = -122*r**3 - 2*r**2 - 18*r - 17. Is g(-4) composite?
True
Suppose -14 = -4*o + g, o + 5*g = 5*o - 22. Is -1 + o - (-1171 + (3 - 1)) a composite number?
False
Let x = -8089 + 15048. Is x a prime number?
True
Suppose -3*y - 53 = 1. Let k = -14 - y. Suppose -k*s + 9*s - 1015 = 0. Is s a composite number?
True
Let g be 1 + -3 + 1 + 2. Let z be 2/g + 0/(-4). Suppose -92 = -z*y + 32. Is y prime?
False
Let g(y) = -3*y - 10*y - 4 - 1 + 4. Let z be g(3). Let t = z + 93. Is t a composite number?
False
Let w = 8 + 0. Let g = w - -1. Let c(o) = 7*o**2 - 2*o + 8. Is c(g) a prime number?
True
Let y(h) be the second derivative of h**4/12 + 2*h**3/3 - 3*h**2 + 5*h. Let x be y(-6). Suppose 0 = x*a - a - 70. Is a prime?
False
Let l be 1 + (-3 - -8) - 4. Suppose -3*i + 1355 = -169. Suppose 0 = l*j - 2*h - i, j - 82 - 166 = -h. Is j a composite number?
False
Let q = -15 + 36. Let j(o) = -65*o - q*o - 2 - 17*o + 18*o. Is j(-3) a composite number?
True
Let y(g) = -5*g - 6*g - g - 4 + 7*g. Is y(-19) prime?
False
Let t(b) = 7862*b + 2. Let k be t(1). Suppose 25*a - 17*a = k. Is a composite?
False
Suppose -2*w = 2*w + 20, 0 = -2*v - 3*w - 175. Let o = v + 195. Is o prime?
False
Suppose 48704 = 4*g - 12204. Is g a prime number?
True
Is 26/91 + (-373965)/(-35) composite?
True
Let k be 3 + (3/(-3) - 4). Let r = k + 105. Is r a prime number?
True
Let y be (-6)/((-12)/80*-1). Let b = y + 83. Is b prime?
True
Let r(c) = c**2 - 5*c - 3. Let b be r(6). Suppose d - 1 = 0, 3*d = -b*u + 1491 + 1803. Is u prime?
True
Let r(z) = z**2 - 5*z - 38. Let n(s) = -3*s - 19. Let l(g) = -9*n(g) + 4*r(g). Is l(10) a prime number?
False
Let u = 127 + -467. Let p = u + 1557. Is p a composite number?
False
Let g(r) = 126*r**3 - r**2 - r + 3. Let k = -43 + 44. Is g(k) a composite number?
False
Let x = 60112 - 23291. Is x composite?
False
Suppose 5*q - 4*d = -5*d + 111, 0 = q + d - 23. Is (-4 + 2)/(q/(-11957)) a composite number?
False
Let l = 10059 - 5794. Is l a composite number?
True
Suppose 2*j + 7 = 11. Let h(k) = 2*k - 4. Let g be h(j). Suppose -3*o = -g*o - 1761. Is o a prime number?
True
Let v(z) = 162*z**2 + 140*z + 28. Is v(-15) a prime number?
False
Suppose 2*b + 3*b - 10 = 0, -2*f + 3*b = 180. Let x = f - -894. Is x prime?
False
Let h = 39 - -28. Suppose -3*x = -i - 185, x = -0*x - 5*i + h. Is x composite?
True
Let a(c) = c + 1. Let g(k) = -k**2 + 7*k + 36. Let s(j) = j + 1. Let h be s(0). Let p(q) = h*g(q) - 5*a(q). Is p(0) a prime number?
True
Let i(r) = -r**3 + 9*r - 33. Is i(-16) composite?
False
Let h(v) = 102*v**3 - 4*v**2 - 3*v + 2. Let i be h(-2). Let t be 1/(i/(-820) + -1). Suppose -n - 2*b + t = 0, -n - 5*b - 104 = -318. Is n a composite number?
False
Suppose 66*j = 1660702 - 113200. Is j prime?
True
Suppose -5*q + 6 + 4 = 0, -3*d - 4*q = -8165. Is d prime?
True
Suppose -21*b + 915100 = -970259. Is b composite?
False
Let q be 1/(438/(-147) + 3). Suppose d + q - 264 = 0. Is d a prime number?
False
Suppose 5*p = -0*p + 2*x + 21, -6 = -4*p - 2*x. Let f(z) be the third derivative of 91*z**4/24 - 2*z**3/3 - z**2. Is f(p) a prime number?
True
Suppose -5*l + 30501 = 2*a, -a - l = -3*l - 15255. Is a prime?
False
Let p be -3 + 6/(6/7). Suppose -2*l + 14 = -p*w - 6, 2*l + 28 = -4*w. Let r(u) = -u**2 - 11*u - 7. Is r(w) composite?
False
Let c = -125 - -135. Suppose -x = 4*x - c, 0 = -2*k + 2*x + 2710. Is k composite?
True
Suppose 26*o + 97699 = 43*o. Is o a composite number?
True
Let g(m) = -2*m**2 - 33*m - 18. Let z(p) = p**2 + 17*p + 9. Let q(x) = -3*g(x) - 5*z(x). Is q(-20) a composite number?
True
Let c = -7565 - -18948. Is c a prime number?
True
Let r be -3 + 0 - -3 - -1157. Suppose -r = -3*s - 5*a, 2*s + 5*a = -0*a + 768. Is s composite?
False
Let k be (-8)/(-16)*(-128)/2. Let b = k + 47. Let c = b + 24. Is c a prime number?
False
Is 3/(12*1) - 729558/(-72) composite?
False
Let u(s) = s - 6. Let i be u(7). Suppose 18 - 16 = f. Suppose -f*b + i = -997. Is b a composite number?
False
Let t(z) = 117*z**2 - 16*z + 6. Is t(4) a composite number?
True
Let u(d) = d + 3. Let g be u(3).